14 + z. Let t(s) = -s**3 + 8*s**2 - 4*s - 14. What are the prime factors of t(h)?
2, 17
What are the prime factors of (-14592)/(-51) - 6/51?
2, 11, 13
Let z(x) = x**3 - 8*x**2 + 5*x - 11. Let v be z(9). Suppose 0 = 28*w - 23*w - v. List the prime factors of w.
23
List the prime factors of (886/2)/(6/18).
3, 443
Suppose -16*y + 3789 = -1539. List the prime factors of y.
3, 37
Let w be (-4869)/24 - 2/16. Let t = w - -23. What are the prime factors of (-2)/(-7) - t/7?
2, 13
Let r(y) be the second derivative of -39*y**3/2 - 2*y**2 - 9*y. List the prime factors of r(-2).
2, 5, 23
Suppose -8*f = -3*f. Let o(l) = l**2 + 58. Let d be o(f). Let y = d - 32. List the prime factors of y.
2, 13
Suppose -74*l + 27876 = -6386. List the prime factors of l.
463
Suppose 93*a = 85*a + 21544. What are the prime factors of a?
2693
Suppose 1392 + 2228 = 10*x. What are the prime factors of x?
2, 181
Let s be 2/(4 - (-194)/(-49)). Suppose 3*b - 2*b = s. What are the prime factors of b?
7
Suppose 8759 + 3769 = 12*u. List the prime factors of u.
2, 3, 29
Suppose -10*w = -5*w + 10. Let p be -2 - -4 - (w + -1). Suppose 5*m + 110 = p*j, -m + 8 = -5*m. What are the prime factors of j?
2, 5
Let i be (-484)/16 - (-2)/8. List the prime factors of 5*74*(-3)/i.
37
Suppose d - 29 = -0*d. Let r = d - -22. List the prime factors of r.
3, 17
Suppose 0 = -n + 192 + 28. List the prime factors of n.
2, 5, 11
Let u(m) = -m**2 - 13*m - 9. Let k be u(-12). Suppose 2*i - 242 = k*f, -f = -2*i + 101 - 23. Let d = 122 + f. What are the prime factors of d?
2, 5
Suppose 5*j + 2*l - 125 = 0, 0 = -5*j - 5*l + 108 + 32. Let q = j - 11. What are the prime factors of q?
2, 3
Suppose 0 = -0*b + 4*b + 88. Let v(o) = -o**2 - 2*o + 21. Let a be v(-6). Let n = a - b. What are the prime factors of n?
19
Let r(b) be the second derivative of b**4/12 + b**3/3 + 7*b**2/2 - 5*b. What are the prime factors of r(9)?
2, 53
Suppose i - 2*p = -i + 146, -284 = -4*i - 4*p. List the prime factors of i.
2, 3
Let s be -1*(-1 - 2)*1. Suppose -s*g + 117 = 9. List the prime factors of g.
2, 3
Let v(m) = -2*m - 8. Let k be v(-4). Suppose -b + 38 + 29 = k. List the prime factors of b.
67
Suppose -x = v - 435, 45*x - v - 876 = 43*x. List the prime factors of x.
19, 23
Suppose 4*f = 2*h + 12, 5*f - 4*h = 1 + 17. Suppose -n + 4*d + 58 = 0, -f*n - 4*d - 196 = -6*n. What are the prime factors of n?
2, 23
Let h(c) = c + 20. Suppose 61 = -5*l + 1. Let f be h(l). Suppose 4*u = f*u - 5*i - 211, -u - 3*i = -74. What are the prime factors of u?
59
Suppose 276*j - 24408 = 249*j. What are the prime factors of j?
2, 113
Suppose -3*o + 194 = -s - 377, -3*o = 4*s - 566. List the prime factors of o.
2, 5, 19
Suppose 3*k = 5*p - 24, -3 - 3 = 2*k. Suppose 5*b + r - 11 = p*b, 25 = 5*b + 2*r. What are the prime factors of 50 + (6/b)/(-2)?
7
Suppose 3*j - 5*t = -250, 3*j = -t - 45 - 175. Let s = j - -114. Let z = s - 17. List the prime factors of z.
2, 11
Let f(c) = 373*c - 327. What are the prime factors of f(5)?
2, 769
Let v be (1/4)/(2/536). Suppose v - 10 = -3*j. Let s = j - -37. List the prime factors of s.
2, 3
Suppose 0 = -g - 2*b - 7, 2*b + 15 = -b. Suppose 560 = -g*u + 11*u. What are the prime factors of u?
2, 5, 7
Let i(r) = r**2 + 11*r + 23. Let s be ((-4)/10)/(3/75). List the prime factors of i(s).
13
Suppose -r - 5 = -18. Let l = r + -9. Suppose -l*y = -8*y + 8. List the prime factors of y.
2
Let u(a) = 3*a**2 - 26*a - 6. Let o be u(9). Suppose -t + 35 = -4*q, 6*q + 140 = o*t + q. What are the prime factors of t?
5, 11
Let y be (-18)/4*(10/15)/(-1). Suppose 0 = -4*f + 4*r + 237 + 207, y*f = -r + 317. List the prime factors of f.
107
Suppose -25610 = -27*j + 23557. List the prime factors of j.
3, 607
What are the prime factors of ((-49)/4)/(11/(-220))?
5, 7
Suppose -8*b - 328 - 160 = 0. Let o = b - -175. List the prime factors of o.
2, 3, 19
Let n(f) = f**3 + 2*f**2. Let r be n(-1). Suppose 5*w + 2*c - 2 = 0, 4*w - c - r = -2. Suppose x + 1 = -u - x, 2*u - x - 13 = w. List the prime factors of u.
5
Suppose a = 4*a + 24. Let y(i) = i**2 + 4*i + 10. What are the prime factors of y(a)?
2, 3, 7
List the prime factors of (21 + -24)*4204/(-12).
1051
Let v(w) = -w + 14. Suppose -4*a + 4*n = -4, 2*n - 3 = 5*a - 20. Let k be v(a). Suppose 3*q - 14 = -5*y, y - k = 2*q - 27. List the prime factors of q.
2
Suppose -2513 = -4*v - d, -4*d + 36 = 16. List the prime factors of v.
3, 11, 19
Let r be 5*(-1 - -4 - 5). List the prime factors of (r - (-12)/(-3))/(1 + -3).
7
Let g = -230 + 352. What are the prime factors of g?
2, 61
Let k(o) = o + 20. Let w be k(-13). Let z(h) = 4*h - 17. List the prime factors of z(w).
11
Suppose -26*o = 11*o - 120065. List the prime factors of o.
5, 11, 59
Suppose 175 = -4*u - u. Let r = 37 + u. What are the prime factors of 15/(r/(10/3))?
5
Let k be ((-2)/(-3))/((-11)/(-1353)). Suppose -4*f - 4*s + 116 = 0, -k = -f - 2*f - 4*s. List the prime factors of f.
2, 17
Suppose 3*h = 2*y - 2774, 0 = 16*h - 21*h. List the prime factors of y.
19, 73
Let j be 6/5 + ((-6)/5 - -1). What are the prime factors of j*(-352)/4*-2?
2, 11
Let u = -294 - -516. List the prime factors of u.
2, 3, 37
Let i be (-6)/4 + (-36)/(-24). List the prime factors of 42/((i - -3)/3).
2, 3, 7
Suppose -2*c + 0*c - 4 = -o, 3*c - 8 = -2*o. Suppose -s + 190 = -o*a, -3*a = -3*s - 0*a + 543. List the prime factors of s.
2, 89
Let d(h) = 5*h**2 - 2*h + 35. Let l be (4/(-8))/(6/72). What are the prime factors of d(l)?
227
Suppose -2*v + 3*v = h + 14, -4*h - 4*v = 64. List the prime factors of ((-54)/h)/((-3)/(-70)).
2, 3, 7
Let y = 36 + 166. What are the prime factors of y?
2, 101
Let u = -146 - -143. What are the prime factors of u - -4 - (-231 + -1) - 3?
2, 5, 23
Let l(c) = -c**2 + 8*c - 5. Let w be l(7). Suppose -w*x + 0 = -6. Suppose f + x*f - 3*t = 160, -145 = -3*f - 4*t. What are the prime factors of f?
43
Let d(z) = -48*z + 222. What are the prime factors of d(-25)?
2, 3, 79
Let d = 523 + -736. Let s = d - -315. What are the prime factors of s?
2, 3, 17
Suppose -12608 - 4162 = -15*b. List the prime factors of b.
2, 13, 43
Let h be (-8)/(-4) - -2 - 2. Suppose -h*u - 120 = -6*u. What are the prime factors of u?
2, 3, 5
Let r be 1*(4/(-16) - 3/(-12)). List the prime factors of -3 - -3 - r - -7.
7
Suppose 2*v - 10 = -0*v. Suppose -4*l = -3*n + 141, 200 = 4*n + n + v*l. List the prime factors of n.
43
Let g = 1 + 549. List the prime factors of g.
2, 5, 11
Suppose -2*c = -3*n - 5499, n - 9491 = -5*c + 4231. List the prime factors of c.
3, 5, 61
Let h(q) = 48*q**2 - q + 3. Let n be h(2). Suppose -2*p = 5*y + 184 + n, 5*y + 935 = -5*p. What are the prime factors of p/(-26) - 8/52?
7
Let g be 3 - 1*(-4 - -3). Suppose -g*l + 109 = 33. List the prime factors of l.
19
Let w(z) = 43*z + 19. What are the prime factors of w(7)?
2, 5
Let n(h) be the third derivative of h**5/60 + 5*h**4/24 + h**3/2 + 9*h**2. What are the prime factors of n(-6)?
3
Let k(i) = -291*i + 186. What are the prime factors of k(-6)?
2, 3, 7, 23
Let p = 21 - -75. Let a(f) = 8*f - 79. Let q be a(16). Suppose 3*y + 223 = 5*h, y - p = -3*h + q. What are the prime factors of h?
47
Suppose -141*l = -123*l - 41310. What are the prime factors of l?
3, 5, 17
Let y be 0/(-2 + (1 - -3)). Let c be 9 - -2 - 0 - y. Let f = c - -32. What are the prime factors of f?
43
Suppose 0 = 3*s + s + 1076. Let t = -163 - s. List the prime factors of t.
2, 53
Let n be 1 - (-4 - 32/(-1)). Let x = 70 + n. What are the prime factors of x?
43
Suppose -19 + 7 = -4*w. Suppose 4*y - 3*a = 3, w*y - 6 = -0*a + a. What are the prime factors of y + (-9)/3 + 32?
2
Let h(o) = -o**3 + 3*o + 1. Let g(v) be the first derivative of v**3/3 + 5*v**2/2 - 3*v - 1. Let f be g(-5). What are the prime factors of h(f)?
19
Let b = 2 - -1. Suppose 4*v - 2*v + 2*z = -40, -5*z + 52 = -b*v. Let j = 2 - v. What are the prime factors of j?
3, 7
Suppose -9*b = -9206 + 1322. List the prime factors of b.
2, 3, 73
Let i(y) = y**2 + y. Let z be i(0). Let j be -3*(-2)/(-6)*z. Suppose j = -v - 3*c + 47, -166 = -4*v + v - 4*c. List the prime factors of v.
2, 31
Let r(c) = c**2 - 21*c + 135. What are the prime factors of r(15)?
3, 5
Suppose 2*r - 31344 = -22*r. List the prime factors of r.
2, 653
Let r(p) = -3*p - 1. Let i be r(-13). Let u = 95 + i. List the 